d by 4.
1
Suppose -8*y = -3*y - 35. Calculate the remainder when y is divided by 3.
1
Let x be -28*((3 - -1) + -3). Let y = -20 - x. What is the remainder when 14 is divided by y?
6
Let x(k) = -k**3 - 5*k**2 - k - 5. Let c be x(-5). Let f(r) = -r + 9*r**2 + 5*r**3 + 12 - 4*r**3 + c*r. Calculate the remainder when f(-9) is divided by 11.
10
Suppose -2*n = n - 48. Let s(k) = 2*k**2 + k + 2. Calculate the remainder when s(-4) is divided by n.
14
Let i = 32 - 18. Let r = 28 - i. What is the remainder when 26 is divided by r?
12
Let r(k) = -2*k**3 - k**2 + 5*k + 3. Suppose -1 + 9 = -2*c. Calculate the remainder when r(c) is divided by 24.
23
Let k be (-5 + 3)/((-2)/(-4)). Let s = -1 + k. Let o = s - -7. Calculate the remainder when 3 is divided by o.
1
Suppose -4*q + 3*o + 12 = -100, 0 = -2*q - 5*o + 30. What is the remainder when 72 is divided by q?
22
Suppose 0 = 6*j - 11*j + 160. Calculate the remainder when j is divided by 18.
14
Let s = 4 + 12. Suppose 2*w + s = -2*w. What is the remainder when 154/4 + 2/w is divided by 13?
12
Let p(c) = -2*c**2 - 40*c - 27. What is the remainder when 39 is divided by p(-19)?
6
Let a be (73/3)/((-2)/(-12)). Suppose -3*l = -a + 32. Calculate the remainder when l is divided by 13.
12
Let k = -10 - -39. Calculate the remainder when k is divided by 15.
14
Let y = -2 + 12. Let v(z) = 2*z**2 - 7*z - 3. What is the remainder when v(6) is divided by y?
7
Let b(v) = -v**3 + 10*v**2 - v + 12. Let j be b(10). Let s(x) = 35*x + 2. Let a be s(j). Suppose -5*u + a = -u. What is the remainder when u is divided by 10?
8
Suppose 0 = -0*p + 3*p - 87. What is the remainder when 85 is divided by p?
27
Let g = 13 - 6. Calculate the remainder when 156/g + (-2)/7 is divided by 12.
10
Suppose -5*k + o = -24 + 4, 0 = -2*k - 5*o + 8. What is the remainder when 6 is divided by ((-6)/2)/(-3) + k?
1
Let j = -28 + 40. Suppose r - 30 - j = 0. Calculate the remainder when r is divided by 11.
9
Let b(w) = -w**2 + 9*w + 3. Let t be (-52)/(-6) - (-5)/15. Let q be b(t). What is the remainder when 23 is divided by (-1 - 0)*q*-4?
11
Let t(q) = -q + 16 - 2*q + 2*q. What is the remainder when t(0) is divided by 9/4*112/42?
4
Let r(v) = v**3 + 5*v**2 - 4*v + 6. Calculate the remainder when 101 is divided by r(-5).
23
Let p be (-6)/3 - 1/1. Let j = -3 + p. What is the remainder when ((-2)/j)/((-3)/(-99)) is divided by 4?
3
Suppose q = -0*q + 5. Suppose s - 48 = -q*x, -3*s + 4 - 10 = 0. What is the remainder when 17 is divided by (6/(-10))/((-1)/x)?
5
Let k = -110 - -142. What is the remainder when 112 is divided by k?
16
Suppose -4*q + 121 - 101 = 0. Calculate the remainder when 12 is divided by q.
2
Let k(o) = -o + 24. What is the remainder when k(-8) is divided by 11?
10
Let q(l) = -14*l**3 + l**2 + 2*l + 1. Suppose -5*b = -0*b + 5, 4*p - 106 = 2*b. Calculate the remainder when p is divided by q(-1).
12
Let g be (5/(-5))/((-1)/244). Suppose c = -3*c + g. Calculate the remainder when c is divided by 16.
13
Suppose 2*s + 4*a - 27 = -s, 35 = 2*s - 3*a. Suppose -s - 12 = -5*u. Calculate the remainder when 13 is divided by u.
3
Suppose 0 = 5*a - 4*n - 51 - 121, n = 5*a - 163. Let w be -5*1*(-24)/10. Let t = a - w. What is the remainder when t is divided by 11?
9
Let l(p) = 2*p + 5. Let v = -11 + 16. Suppose -4*s - 9 = -v*s. Calculate the remainder when l(6) is divided by s.
8
Suppose 0 = -c, -2*d - 2*c = -26 - 6. Calculate the remainder when d is divided by 4.
0
Let y be (-18)/8*80/(-6). Suppose 2*f - 10 = 4*a, 4*a - 26 - y = -4*f. Suppose -8*c - 30 = -13*c. Calculate the remainder when f is divided by c.
5
Calculate the remainder when 23 is divided by -1 + (3 - -7 - -4).
10
Let w = 23 - 9. Calculate the remainder when 25 is divided by w.
11
What is the remainder when 41 is divided by (-2)/7 + (1170/21)/6?
5
Let f = -68 - -110. Calculate the remainder when f is divided by 14 + (1 + 0)/1.
12
Let u(i) = i**2 - 6*i + 6. Let k be u(5). Calculate the remainder when (26/(-8))/k*-12 is divided by 20.
19
Let k = 0 + 0. Suppose 2*b + 2*b + 3*w - 185 = 0, -5*b + w + 217 = k. Calculate the remainder when b is divided by 15.
14
Let a(w) = -w**2 - 11*w - 5. What is the remainder when a(-6) is divided by 4?
1
Suppose 0 = -5*f + 12 + 48. Let u = -14 + 47. Calculate the remainder when u is divided by f.
9
Suppose -2*y + 150 = 3*y + f, 4*y + 3*f - 109 = 0. What is the remainder when y is divided by 8?
7
Suppose 0 = -2*w + 4*l + 2, -3*l + 8*l - 8 = 4*w. Let a(m) = m**2 + 4*m + 5. Calculate the remainder when (-194)/w - 10/(-35) is divided by a(-5).
8
Let s = -220 - -269. Let r = 50 - 24. What is the remainder when s is divided by r?
23
Let o = 23 + 101. Calculate the remainder when o is divided by 33.
25
Calculate the remainder when 2532/48 + 2/8 is divided by 28.
25
Let b be 1 - (-6 - -2 - -1). Let d be 156/b + -2 + 1. Suppose 5*y = d + 32. Calculate the remainder when 27 is divided by y.
13
Let d = -10 - -12. Suppose d*v + 13 = -13. Let g = v + 23. What is the remainder when g is divided by 3?
1
Suppose -14*x = -7*x - 56. What is the remainder when 31 is divided by x?
7
Suppose -3*v + 157 = 5*u - v, 2*u + 4*v - 66 = 0. Calculate the remainder when u is divided by 16.
15
Suppose -u + 52 = 3*t + 3*u, 4*t - 2*u - 40 = 0. Calculate the remainder when 46 is divided by (-36)/10*(-80)/t.
22
Let a = 3 + -1. Let c(x) = -5*x**a + 9 + 2*x**2 + 9*x + 9*x**2 - x**3. Calculate the remainder when c(7) is divided by 12.
11
Suppose -u + 5*z = 8, 0 = 5*u - 0*z + 2*z + 13. Let g = 4 - u. Calculate the remainder when 13 is divided by g.
6
Suppose 0 = y + z - 7, -4*y + 3*z = -6 - 1. Suppose -y*d + 0*d = -80. Calculate the remainder when -38*(-2 + -1 + 2) is divided by d.
18
Suppose -8 = -4*f + 28. Suppose 0 = -i - 2*i - p + 11, 0 = -5*i - p + 21. Calculate the remainder when f is divided by i.
4
Suppose -2*w = o - 8, 3*o - 4*w + 2*w - 56 = 0. What is the remainder when 46 is divided by o?
14
Let l(w) = w**2 - 2*w + 7. Calculate the remainder when l(-6) is divided by 14.
13
Let w(u) = -42*u - 1. Suppose 4*f - 34 = 22. What is the remainder when w(-1) is divided by f?
13
Suppose 0 = 6*q - 3*q - 4*m - 10, 3*q - 9 = 3*m. Let f = 67 + -65. Calculate the remainder when f is divided by q.
0
Suppose -20 + 2 = 3*i. Let q = -1 - i. What is the remainder when 9 is divided by q?
4
Suppose 3*t + f = 138, -2*t + 0*f + f = -87. Suppose -b = -4*s + t + 115, 0 = b - 4. Calculate the remainder when s is divided by 11.
8
Let a(d) = d**3 + 4*d**2 - 2*d - 3. Calculate the remainder when 24 is divided by a(-4).
4
Let t(r) = 2*r**2 - 4*r + 3. Let f = 5 - 3. Calculate the remainder when t(f) is divided by 2.
1
Suppose 3*w + 3*q - 64 = 32, 0 = -4*w + 2*q + 104. What is the remainder when 82 is divided by w?
26
Suppose 2*v - 2*j = 54, -3*j + 15 = 4*v - 93. Calculate the remainder when 107 is divided by v.
26
Suppose -3*o = -2*o - 11. Let k = 10 + 20. What is the remainder when k is divided by o?
8
Suppose 3*u - h - 54 = 4*h, 5*u - 56 = -3*h. What is the remainder when 126 is divided by u?
9
Let g = 7 + 7. Suppose -2*d + g = 3*p - 0*d, 0 = 4*p - 5*d - 34. What is the remainder when 11 is divided by p?
5
Suppose 0 = -5*a - 101 - 9. Let l be 4/(-14) + (-162)/21. Let s = l - a. Calculate the remainder when 40 is divided by s.
12
Suppose 289 = 5*a + 2*i, 2*a + 3*i - 1 = 119. What is the remainder when a is divided by 15?
12
Let s = -8 - 17. Calculate the remainder when 11 is divided by (-90)/s - (-4)/10.
3
Let k = 4 - -1. Suppose 0 = -3*y + 4*y - k. Calculate the remainder when 17 is divided by y.
2
Suppose -3*l = -2*l. Let r be -2 + (2 - -168) + l. Suppose -x + 56 = n, -r = 3*x - 6*x + 4*n. Calculate the remainder when x is divided by 19.
18
Suppose 3*o + 4*k - 107 = 0, o - 6*o + 181 = 4*k. What is the remainder when o is divided by (1 - (-11 - 1))/1?
11
Let w = -37 - -65. What is the remainder when 166 is divided by w?
26
Suppose 0 = -3*x - x - 4*b + 80, -2*x = -5*b - 40. Calculate the remainder when 39 is divided by x.
19
Suppose 114 = -3*r + 6*r. Calculate the remainder when r is divided by 10.
8
Let p(v) = v**2 + v + 7 + 7*v - v. Let n(a) = a + 1. Calculate the remainder when p(-7) is divided by n(3).
3
Let x = -111 - -37. Let b = -45 - x. What is the remainder when b is divided by 7 - (-2)/(-4)*-2?
5
Let g(q) 